2. What are the prime factors of u?
2, 13
Suppose 2*l = 5*a + 3*l - 6, 3*a - 26 = 5*l. Let x be a/((-7)/((-700)/8)). Suppose 24*d + 10 = x*d. What are the prime factors of d?
2, 5
Let a be (-6 + 7)*0/(-1). Suppose -x + 5 = 0, 5*y + a*y = -x + 5. Suppose c - 20 + 8 = y. List the prime factors of c.
2, 3
Let d be -6*1/(-4)*2. Let c(q) = 3*q - 2. Let v be c(d). What are the prime factors of v/2*(8 + 2)?
5, 7
Suppose -2 + 14 = 4*m. Suppose m*l - 4*o = l + 26, 0 = o + 4. What are the prime factors of l?
5
Let o(m) = -14*m - 26. Let x(h) = -13*h**2. Let d be x(-1). List the prime factors of o(d).
2, 3, 13
Let w = -57 - -89. Suppose -2*p + 78 = -w. What are the prime factors of p?
5, 11
Suppose -3*c - 255 = 345. Let s be 39/(-26)*c/(-6). What are the prime factors of (s/(-35))/(2/14)?
2, 5
What are the prime factors of -11 + 34176/36 - (-1)/(-3)?
2, 7, 67
Let v(z) = -z**3 + 4*z**2 - 3*z. Suppose -16*b + 19*b - 6 = 0. Let j be v(b). What are the prime factors of (-328)/(-8) + -5 + j?
2, 19
Let p = 2810 + -1122. What are the prime factors of p?
2, 211
Let n(z) = -15*z**3 - 3*z**2 - 2*z - 2. Let p be n(-2). Let g = 210 - p. What are the prime factors of g?
2, 5
Let a(c) = 5*c + 2. Let g(o) = o**2 + 4*o - 3. Let m be g(-5). Suppose -5 = y - m*k, -30 = -0*y - 3*y - 3*k. List the prime factors of a(y).
3
Let g(d) = -d**2 + 5*d + 6. Let w be g(5). Suppose -74 = -4*m + w. Suppose -4*v + 3*u + 0*u + 20 = 0, 4*u = 2*v - m. What are the prime factors of v?
2
Suppose 2*r = -7*r + 2790. What are the prime factors of r?
2, 5, 31
Let i = 652 - 394. Suppose x + 2*x + 3*o - 204 = 0, -3*o - i = -4*x. What are the prime factors of x?
2, 3, 11
Let j be (13 + -13)/((-6)/(-2)). What are the prime factors of 106 - j - (1 + (-1)/(-1))?
2, 13
Let u(n) = -90*n + 9. Let h be u(-4). Suppose h = 2*b + 7*b. What are the prime factors of b?
41
What are the prime factors of (1221/55)/(6/120)?
2, 3, 37
Suppose -14*m + 8 = -15*m + 2*y, -3*m = -2*y + 28. Let g = 0 - 34. Let x = m - g. List the prime factors of x.
2, 3
Suppose -7*x - 33 = 324. List the prime factors of 4/6 - 11339/x.
223
Suppose 739*k - 747*k = -5784. What are the prime factors of k?
3, 241
List the prime factors of (-336)/(-33) + (-4)/22.
2, 5
Let v(m) = 2*m. Let z be v(0). Suppose o + 3*o - 184 = z. List the prime factors of o.
2, 23
Let z be ((-10)/(-30))/(2*(-2)/(-36)). Suppose 0*t + z*l = -2*t + 207, 2*l = 4*t - 406. List the prime factors of t.
2, 3, 17
Let b = 1208 - -807. List the prime factors of b.
5, 13, 31
Let v(i) = 2*i**2 + 17*i - 7. Let k be v(-9). Suppose 190 = -k*t + 7*t. What are the prime factors of t?
2, 19
Let u(p) be the second derivative of p**3 + 6*p**2 + 9*p. Let z be u(13). List the prime factors of -1*6*z/(-12).
3, 5
Let d(r) = 27*r**2 - r - 2. Let s be d(-2). Suppose -90 = -3*t + s. What are the prime factors of t?
2, 3, 11
Suppose -2514 = 13*p + 723. Let i = -133 - p. List the prime factors of i.
2, 29
Let p(s) = 2118*s**3 - s**2 - 24*s + 24. What are the prime factors of p(1)?
29, 73
What are the prime factors of ((-8)/20)/(12/(-20310))?
677
Let s be (54/4)/((-2)/12). Let b be -5*9*(1 - 4). Let g = s + b. List the prime factors of g.
2, 3
Let c = 2101 - -538. List the prime factors of c.
7, 13, 29
What are the prime factors of 9904/(-20)*(-5)/2?
2, 619
Let u(y) = y + 10. Let s be u(-4). Suppose -4*m - s = -g - 7*m, 22 = 2*g - 4*m. What are the prime factors of g?
3
Let q = -266 + 270. What are the prime factors of q?
2
Suppose 3*r - 153 - 88 = -g, 472 = 2*g - 4*r. List the prime factors of g.
2, 7, 17
Suppose 0 = -5*r + 4*u - 215 + 1178, u + 777 = 4*r. Suppose -r = -2*j + 77. What are the prime factors of j?
2, 17
Suppose 0 = 20*k - 14*k - 2028. What are the prime factors of k?
2, 13
Let m(o) be the first derivative of 3*o**2/2 + 4*o - 1. Let u be m(5). Suppose -z + u + 33 = 0. What are the prime factors of z?
2, 13
Suppose -l = -2*l + 3. Suppose 0 = -2*y + 4*y - 88. Suppose i = -l*i + y. What are the prime factors of i?
11
Let z(b) = 76*b + 1717. List the prime factors of z(0).
17, 101
Let c(w) = 39*w**2 + 13*w + 6. List the prime factors of c(-5).
2, 229
Let w(v) = -v**3 - 7*v**2 + 24*v + 103. List the prime factors of w(-12).
5, 107
Let q(t) = 191*t + 58. List the prime factors of q(5).
1013
What are the prime factors of -218*(-57 - -67)*1*-2?
2, 5, 109
Suppose -2*s - 16 = -x, -x + 28 = -3*s + 6. Let f be (2 - 2)/(s/(-2)). Suppose -5*u + 25 = f, j + 2*j + 4*u = 65. List the prime factors of j.
3, 5
Let j = -91 - -92. What are the prime factors of j + 278/8 - (-72)/(-96)?
5, 7
Let t = -1128 + 1260. What are the prime factors of t?
2, 3, 11
Suppose -4*n = -c + 16, -3*c + 17 = 2*c + n. Let s = 7 - c. Suppose -13 = s*h - 100. What are the prime factors of h?
29
List the prime factors of ((-34)/(-51))/(4/6198).
1033
Let g = -1151 + 1666. What are the prime factors of g?
5, 103
Suppose -6*u = -25*u + 9348. What are the prime factors of u?
2, 3, 41
Let k be (1 + 1)*(-29)/(-2). Suppose -2*i = -3*t - 0 + k, 2*t = 2*i + 20. Suppose 8*j + 14 = t*j. List the prime factors of j.
2, 7
Let v(p) = p**3 + 10*p**2 + 9*p + 10. Let c be v(-9). Suppose -c*x - 25 = -15*x. Suppose z - 87 = x*t, -4*z + 48 = 3*t - 185. What are the prime factors of z?
2, 31
Let u = -22 + 167. Suppose -4*n + 2*f + 0*f = -180, 3*n + f = u. List the prime factors of n.
47
Let p(c) = 4*c - 10. Let d be p(2). What are the prime factors of 1 + d + (-244)/(-2)?
11
Let s = 29 + -8. What are the prime factors of s/(-2 + 9) + (-1 - -70)?
2, 3
Suppose -2*r + 0*r + 30 = 0. Suppose -2*t - a = 24, -t - 2*a - r + 0 = 0. Let y = t - -23. List the prime factors of y.
2, 3
Suppose 5*a - 317 = 253. Let h = 268 - a. List the prime factors of h.
2, 7, 11
Let p be 70/((-3)/(9/(-6))). Suppose -l - 4*l - 95 = -w, -80 = 3*l + 4*w. Let v = l + p. List the prime factors of v.
3, 5
Suppose -2*s - 5*q + 4299 = 0, 0 = -5*s - 3*q + 13558 - 2820. List the prime factors of s.
19, 113
Suppose 7020 = -n + 28*n. What are the prime factors of n?
2, 5, 13
Suppose 41 = -2*u + 235. Let p = u + 3. What are the prime factors of p?
2, 5
Suppose -4*u = -3*s - 2084, 0 = -5*u - s + 1783 + 841. List the prime factors of u.
2, 131
Let t = -541 - -1181. Let c = -424 + t. What are the prime factors of c?
2, 3
Suppose 1 = 4*x - 0*d - 3*d, -x - 4*d = -24. Suppose -x*h + 177 = 3*u, 4*h + 4*u + 34 - 210 = 0. List the prime factors of h.
3, 5
List the prime factors of (623 + 6)*36/6.
2, 3, 17, 37
Let j(c) = -c**3 + 12*c**2 + 2. Let b be j(12). Suppose -b + 10 = 2*v. Suppose -v*w = 4*z - 248, -316 = 2*z - 7*z + w. What are the prime factors of z?
3, 7
Let o = 9 - 10. What are the prime factors of (5*o)/((-2)/14)?
5, 7
Let u(a) = -a**3 + 26*a**2 - 20*a - 203. What are the prime factors of u(22)?
3, 431
Let w(n) = -n**3 - 8*n**2 - 7*n + 5. Let s be w(-7). Suppose 0 = 4*d + s*y - 732, -2*d + 3*y + 915 = 3*d. List the prime factors of d.
3, 61
Suppose 2*s - 255 - 127 = 0. Suppose 4*w + d = 784, -w + 2*w - d = s. What are the prime factors of w?
3, 5, 13
Suppose -t = -5*b - 92, 19 - 111 = -t - 4*b. Let i be t/(-9) - (-34)/153. Let k = 13 - i. What are the prime factors of k?
23
Suppose 0 = 4*k - 0 + 4. List the prime factors of (-2139)/(-33) + 13/11 + k.
5, 13
Let d(g) = 8*g**2 + 4*g - 40. List the prime factors of d(8).
2, 3, 7
Suppose 7 = -5*n + 32. Suppose 3*q = d - n*d + 150, d - 2*q = 43. What are the prime factors of d?
3, 13
Let w(a) = a**2 - 3 + a - 5*a - 13. List the prime factors of w(-9).
101
Suppose -84*g + 77*g = -805. What are the prime factors of g?
5, 23
Let g be (-46)/(-10) + (-9)/15. Suppose g*r + 2*s - 65 = 251, s = -5*r + 392. List the prime factors of r.
2, 3, 13
Let r = -35 + 59. Suppose -2*b = 2*b + r. What are the prime factors of ((-3)/b)/((-1)/(-8))?
2
Let o = -44 - -79. Suppose 4*u = -5*a + 14 + 26, -5*a - 3*u = -35. Suppose o = a*i - 101. What are the prime factors of i?
2, 17
Suppose 33*j + 13452 = 52*j. List the prime factors of j.
2, 3, 59
Let i = -47 + 43. Suppose -q = 12 + 22. Let v = i - q. What are the prime factors of v?
2, 3, 5
Suppose -5*q - 7 = -2*m, -m - 3 - 1 = 0. Let s be ((-1)/q)/((-3)/(-9)). Let i = s + 2. What are the prime factors of i?
3
Let f(y) = 488*y - 24. Let l be f(4). Suppose l = 3*k + 5*k. What are the prime factors of k?
241
Le